{"id":60,"date":"2018-04-25T22:33:22","date_gmt":"2018-04-25T20:33:22","guid":{"rendered":"http:\/\/virginiepayet-psy.fr\/?page_id=60"},"modified":"2024-09-28T21:36:34","modified_gmt":"2024-09-28T19:36:34","slug":"deroulement-dune-seance","status":"publish","type":"page","link":"https:\/\/virginiepayet-psy.fr\/index.php\/deroulement-dune-seance\/","title":{"rendered":"D\u00e9roulement d&rsquo;une s\u00e9ance"},"content":{"rendered":"<section class=\"kc-elm kc-css-33925 kc_row\"><div class=\"kc-row-container  kc-container\"><div class=\"kc-wrap-columns\"><div class=\"kc-elm kc-css-495980 kc_col-sm-12 kc_column kc_col-sm-12\"><div class=\"kc-col-container\"><div class=\"kc-elm kc-css-646110 kc_text_block\"><\/p>\n<h3 style=\"text-align: center;\"><strong>consultation individuelle : 70\u20ac (45min)<\/strong><\/h3>\n<h3 style=\"text-align: center;\"><strong>consultation de couple : 100\u20ac (1h)<\/strong><\/h3>\n<h4 style=\"text-align: center;\"><\/h4>\n<p style=\"text-align: left;\"><strong><br \/>\n1<sup>er <\/sup>entretien\u00a0 <\/strong>: Une th\u00e9rapie, individuelle ou en couple, est avant tout une question de rencontre humaine. Il est important de se sentir \u00e0 l\u2019aise avec le psychologue, c\u2019est ce qui va permettre d\u2019aborder en toute confiance ce pour quoi vous consultez.<\/p>\n<p>Le premier entretien sert \u00e0 se rencontrer, \u00e0 \u00e9changer ensemble sur ce qui vous am\u00e8ne et sur vos attentes. A l\u2019issue de ce premier entretien, nous ferons le point pour d\u00e9terminer si ce que je vous propose vous convient, et si je suis le bon interlocuteur pour vous.<\/p>\n<p>\n<\/div><div class=\"kc-elm kc-css-426051\" style=\"height: 100px; clear: both; width:100%;\"><\/div><div class=\"kc-elm kc-css-152025 kc_text_block\"><\/p>\n<p><strong>Supervision clinique\u00a0<\/strong><\/p>\n<p>J&rsquo;accompagne les psychologues cliniciens ou RH dans leurs questionnements cliniques, \u00e9thiques, institutionnels au cours de s\u00e9ances de supervision individuelle ou collective.<\/p>\n<p>Tarifs (selon financement individuel ou institutionnel):<\/p>\n<ul>\n<li>supervision individuelle : 80\u20ac ou 100\u20ac\/heure<\/li>\n<li>supervision collective : 120\u20ac ou 150\u20ac\/heure<\/li>\n<\/ul>\n<p>\n<\/div><div class=\"kc-elm kc-css-95464\" style=\"height: 100px; clear: both; width:100%;\"><\/div>\n<div class=\"kc-elm kc-css-811672 kc-animated kc-animate-eff-fadeIn kc-call-to-action kc-cta-2 kc-is-button\">\n\n\t<div class=\"kc-cta-desc\"><h2>Prenons contact<\/h2><div class=\"kc-cta-text\">Virginie Payet\r\nPsychologue clinicienne \u2013psychoth\u00e9rapeute <\/div><\/div><div class=\"kc-cta-button\"><a href=\"http:\/\/virginiepayet-psy.fr\/index.php\/contact\/\">Je prends contact <span class=\"kc-cta-icon\"><i class=\"sl-arrow-right-circle\"><\/i><\/span><\/a><\/div>\n<\/div>\n<div class=\"kc-elm kc-css-86454\" style=\"height: 0px; clear: both; width:100%;\"><\/div><\/div><\/div><\/div><\/div><\/section>\n","protected":false},"excerpt":{"rendered":"","protected":false},"author":1,"featured_media":0,"parent":0,"menu_order":0,"comment_status":"closed","ping_status":"closed","template":"","meta":{"footnotes":""},"_links":{"self":[{"href":"https:\/\/virginiepayet-psy.fr\/index.php\/wp-json\/wp\/v2\/pages\/60"}],"collection":[{"href":"https:\/\/virginiepayet-psy.fr\/index.php\/wp-json\/wp\/v2\/pages"}],"about":[{"href":"https:\/\/virginiepayet-psy.fr\/index.php\/wp-json\/wp\/v2\/types\/page"}],"author":[{"embeddable":true,"href":"https:\/\/virginiepayet-psy.fr\/index.php\/wp-json\/wp\/v2\/users\/1"}],"replies":[{"embeddable":true,"href":"https:\/\/virginiepayet-psy.fr\/index.php\/wp-json\/wp\/v2\/comments?post=60"}],"version-history":[{"count":20,"href":"https:\/\/virginiepayet-psy.fr\/index.php\/wp-json\/wp\/v2\/pages\/60\/revisions"}],"predecessor-version":[{"id":257,"href":"https:\/\/virginiepayet-psy.fr\/index.php\/wp-json\/wp\/v2\/pages\/60\/revisions\/257"}],"wp:attachment":[{"href":"https:\/\/virginiepayet-psy.fr\/index.php\/wp-json\/wp\/v2\/media?parent=60"}],"curies":[{"name":"wp","href":"https:\/\/api.w.org\/{rel}","templated":true}]}}