{"id":64,"date":"2018-04-25T22:35:04","date_gmt":"2018-04-25T20:35:04","guid":{"rendered":"http:\/\/virginiepayet-psy.fr\/?page_id=64"},"modified":"2018-06-19T17:20:35","modified_gmt":"2018-06-19T15:20:35","slug":"presentation","status":"publish","type":"page","link":"https:\/\/virginiepayet-psy.fr\/index.php\/presentation\/","title":{"rendered":"Pr\u00e9sentation"},"content":{"rendered":"<section class=\"kc-elm kc-css-977549 kc_row\"><div class=\"kc-row-container  kc-container\"><div class=\"kc-wrap-columns\"><div class=\"kc-elm kc-css-477442 kc_col-sm-12 kc_column kc_col-sm-12\"><div class=\"kc-col-container\"><div class=\"kc-elm kc-css-135289\" style=\"height: 50px; clear: both; width:100%;\"><\/div><div class=\"kc-elm kc-css-184975 kc_text_block\"><\/p>\n<h1 style=\"text-align: center;\"><span style=\"color: #45b4cd;\"><strong>Formation :\u00a0<\/strong><\/span><\/h1>\n<p>Cinq ann\u00e9es d\u2019\u00e9tudes \u00e0 <a href=\"http:\/\/www.psycho-prat.fr\">l\u2019Ecole de Psychologues Praticiens \u2013 Psychoprat\u2019 Lyon,<\/a> dont la derni\u00e8re ann\u00e9e (\u00e9quivalent master 2) en \u00e9change international \u00e0 l\u2019<a href=\"https:\/\/uqam.ca\">Universit\u00e9 du Qu\u00e9bec \u00e0 Montr\u00e9al (UQAM, Montr\u00e9al)<\/a> afin d\u2019effectuer mon internat et de me former avec les doctorants en psychologie humaniste et existentielle.<\/p>\n<p>Le dipl\u00f4me de l\u2019EPP obtenu en 2010 est l\u2019\u00e9quivalent du Master 2 en Universit\u00e9. Il est reconnu par l\u2019Etat et me donne acc\u00e8s au titre prot\u00e9g\u00e9 de psychologue clinicienne ainsi qu\u2019au titre, d\u00e9sormais prot\u00e9g\u00e9 \u00e9galement, de psychoth\u00e9rapeute gr\u00e2ce \u00e0 ma sp\u00e9cialisation en psychopathologie clinique.<\/p>\n<p style=\"text-align: center;\">Ma formation valid\u00e9e par l\u2019Etat m\u2019a permis de m\u2019inscrire au R\u00e9pertoire national des psychologues\u00a0avec le n\u00b0 ADELI 759355092.<\/p>\n<p>\n<\/div><div class=\"kc-elm kc-css-348747\" style=\"height: 50px; clear: both; width:100%;\"><\/div><div class=\"kc-elm kc-css-727062 kc_text_block\"><\/p>\n<h1 style=\"text-align: center;\"><span style=\"color: #45b4cd;\"><strong>Exp\u00e9rience :<\/strong><\/span><\/h1>\n<ul>\n<li><u>2009-2010<\/u>: Internat de Master 2 en Unit\u00e9 deSoins Palliatifs \u00e0 l\u2019H\u00f4pital \u00a0Charles LeMoyne de Montr\u00e9al, Qu\u00e9bec.<\/li>\n<li><u>2010 <\/u>: Equipe Mobile de Soins Palliatifs \u00e0 l\u2019H\u00f4pital de Coulommiers, Seine-et-Marne<\/li>\n<li><u>2011 \u2013 2015<\/u>: Cellule de Soutien Psychologique Op\u00e9rationnel du Minist\u00e8re de l\u2019Int\u00e9rieur et de la Pr\u00e9fecture de police<\/li>\n<li><u>Depuis 2016<\/u>\u00a0: Cabinet lib\u00e9ral<\/li>\n<\/ul>\n<p>\n<\/div><div class=\"kc-elm kc-css-556050\" style=\"height: 50px; clear: both; width:100%;\"><\/div><div class=\"kc-elm kc-css-876610 kc_text_block\"><\/p>\n<h1 style=\"text-align: center;\"><span style=\"color: #45b4cd;\"><strong>Orientations et<br \/>\n<\/strong><\/span><span style=\"color: #45b4cd;\"><strong>techniques utilis\u00e9es :\u00a0<\/strong><\/span><\/h1>\n<p>J\u2019utilise des techniques issues de diff\u00e9rents courants de psychologie, l\u2019important d\u2019apr\u00e8s moi \u00e9tant de piocher l\u2019outil le mieux adapt\u00e9 \u00e0 chaque personne, et selon ses besoins.<\/p>\n<p>Ma formation est bas\u00e9e sur la pens\u00e9e analytique, puis elle a \u00e9t\u00e9 compl\u00e9t\u00e9e par l\u2019apport des courants humanistes et existentiels. J\u2019ai par ailleurs \u00e9t\u00e9 sensibilis\u00e9e \u00e0 l\u2019Analyse Transactionnelle ainsi qu\u2019aux techniques de relaxation de la sophrologie.<\/p>\n<p>\n<\/div><div class=\"kc-elm kc-css-915332\" style=\"height: 100px; clear: both; width:100%;\"><\/div>\n<div class=\"kc-elm kc-css-356560 kc-animated kc-animate-eff-fadeIn kc-call-to-action kc-cta-2 kc-is-button\">\n\n\t<div class=\"kc-cta-desc\"><h2>Comment se d\u00e9roule une s\u00e9ance ?<\/h2><div class=\"kc-cta-text\">Un suivi psychologique est avant tout une question de rencontre humaine. Il est important de se sentir \u00e0 l\u2019aise avec le psychologue, c\u2019est ce qui va permettre d\u2019aborder en toute confiance ce pour quoi vous consultez.  <\/div><\/div><div class=\"kc-cta-button\"><a href=\"http:\/\/virginiepayet-psy.fr\/index.php\/deroulement-dune-seance\/\">Je d\u00e9couvre <span class=\"kc-cta-icon\"><i class=\"sl-arrow-right-circle\"><\/i><\/span><\/a><\/div>\n<\/div>\n<div class=\"kc-elm kc-css-956426\" style=\"height: 100px; clear: both; width:100%;\"><\/div><\/div><\/div><\/div><\/div><\/section>\n","protected":false},"excerpt":{"rendered":"","protected":false},"author":1,"featured_media":0,"parent":0,"menu_order":0,"comment_status":"closed","ping_status":"closed","template":"","meta":{"footnotes":""},"_links":{"self":[{"href":"https:\/\/virginiepayet-psy.fr\/index.php\/wp-json\/wp\/v2\/pages\/64"}],"collection":[{"href":"https:\/\/virginiepayet-psy.fr\/index.php\/wp-json\/wp\/v2\/pages"}],"about":[{"href":"https:\/\/virginiepayet-psy.fr\/index.php\/wp-json\/wp\/v2\/types\/page"}],"author":[{"embeddable":true,"href":"https:\/\/virginiepayet-psy.fr\/index.php\/wp-json\/wp\/v2\/users\/1"}],"replies":[{"embeddable":true,"href":"https:\/\/virginiepayet-psy.fr\/index.php\/wp-json\/wp\/v2\/comments?post=64"}],"version-history":[{"count":29,"href":"https:\/\/virginiepayet-psy.fr\/index.php\/wp-json\/wp\/v2\/pages\/64\/revisions"}],"predecessor-version":[{"id":231,"href":"https:\/\/virginiepayet-psy.fr\/index.php\/wp-json\/wp\/v2\/pages\/64\/revisions\/231"}],"wp:attachment":[{"href":"https:\/\/virginiepayet-psy.fr\/index.php\/wp-json\/wp\/v2\/media?parent=64"}],"curies":[{"name":"wp","href":"https:\/\/api.w.org\/{rel}","templated":true}]}}

Présentation

<section class="kc-elm kc-css-977549 kc_row"><div class="kc-row-container  kc-container"><div class="kc-wrap-columns"><div class="kc-elm kc-css-477442 kc_col-sm-12 kc_column kc_col-sm-12"><div class="kc-col-container"><div class="kc-elm kc-css-135289" style="height: 50px; clear: both; width:100%;"></div><div class="kc-elm kc-css-184975 kc_text_block"></p>
<h1 style="text-align: center;"><span style="color: #45b4cd;"><strong>Formation : </strong></span></h1>
<p>Cinq années d’études à <a href="http://www.psycho-prat.fr">l’Ecole de Psychologues Praticiens – Psychoprat’ Lyon,</a> dont la dernière année (équivalent master 2) en échange international à l’<a href="https://uqam.ca">Université du Québec à Montréal (UQAM, Montréal)</a> afin d’effectuer mon internat et de me former avec les doctorants en psychologie humaniste et existentielle.</p>
<p>Le diplôme de l’EPP obtenu en 2010 est l’équivalent du Master 2 en Université. Il est reconnu par l’Etat et me donne accès au titre protégé de psychologue clinicienne ainsi qu’au titre, désormais protégé également, de psychothérapeute grâce à ma spécialisation en psychopathologie clinique.</p>
<p style="text-align: center;">Ma formation validée par l’Etat m’a permis de m’inscrire au Répertoire national des psychologues avec le n° ADELI 759355092.</p>
<p>
</div><div class="kc-elm kc-css-348747" style="height: 50px; clear: both; width:100%;"></div><div class="kc-elm kc-css-727062 kc_text_block"></p>
<h1 style="text-align: center;"><span style="color: #45b4cd;"><strong>Expérience :</strong></span></h1>
<ul>
<li><u>2009-2010</u>: Internat de Master 2 en Unité deSoins Palliatifs à l’Hôpital  Charles LeMoyne de Montréal, Québec.</li>
<li><u>2010 </u>: Equipe Mobile de Soins Palliatifs à l’Hôpital de Coulommiers, Seine-et-Marne</li>
<li><u>2011 – 2015</u>: Cellule de Soutien Psychologique Opérationnel du Ministère de l’Intérieur et de la Préfecture de police</li>
<li><u>Depuis 2016</u> : Cabinet libéral</li>
</ul>
<p>
</div><div class="kc-elm kc-css-556050" style="height: 50px; clear: both; width:100%;"></div><div class="kc-elm kc-css-876610 kc_text_block"></p>
<h1 style="text-align: center;"><span style="color: #45b4cd;"><strong>Orientations et<br />
</strong></span><span style="color: #45b4cd;"><strong>techniques utilisées : </strong></span></h1>
<p>J’utilise des techniques issues de différents courants de psychologie, l’important d’après moi étant de piocher l’outil le mieux adapté à chaque personne, et selon ses besoins.</p>
<p>Ma formation est basée sur la pensée analytique, puis elle a été complétée par l’apport des courants humanistes et existentiels. J’ai par ailleurs été sensibilisée à l’Analyse Transactionnelle ainsi qu’aux techniques de relaxation de la sophrologie.</p>
<p>
</div><div class="kc-elm kc-css-915332" style="height: 100px; clear: both; width:100%;"></div>
<div class="kc-elm kc-css-356560 kc-animated kc-animate-eff-fadeIn kc-call-to-action kc-cta-2 kc-is-button">

	<div class="kc-cta-desc"><h2>Comment se déroule une séance ?</h2><div class="kc-cta-text">Un suivi psychologique est avant tout une question de rencontre humaine. Il est important de se sentir à l’aise avec le psychologue, c’est ce qui va permettre d’aborder en toute confiance ce pour quoi vous consultez.  </div></div><div class="kc-cta-button"><a href="http://virginiepayet-psy.fr/index.php/deroulement-dune-seance/">Je découvre <span class="kc-cta-icon"><i class="sl-arrow-right-circle"></i></span></a></div>
</div>
<div class="kc-elm kc-css-956426" style="height: 100px; clear: both; width:100%;"></div></div></div></div></div></section>
